-107 = -b + t. Let h be 136/(-238)*(-8 - -1). Calculate the highest common factor of b and h.
4
Suppose -2211 = 32*m - 43*m. Calculate the highest common factor of 134 and m.
67
Let x(d) = -d + 7. Let j(k) = k - 1. Let z(p) = 5*j(p) + x(p). Let u be z(2). Suppose u*h = 5*h + 130. What is the greatest common divisor of 208 and h?
26
Let k be (-23)/(-4) + 21/(-28). Let s(o) = -7*o - 8. Let x(c) = -2*c - 3. Let h be x(3). Let b be s(h). What is the highest common factor of b and k?
5
Suppose -28*x + 7178 = -2006. Calculate the highest common factor of 41 and x.
41
Let x(o) = o**3 - 13*o**2 - 12*o + 12. Suppose -27 = -2*q + s, 4*q + 2*s - 96 + 38 = 0. Let p be x(q). What is the greatest common factor of 8 and p?
8
Let c(b) = -4*b**3 - 3*b - 2. Let o be c(-2). Let h = o + 26. Suppose -4*s = -2*u + 28, u - 4*u = -2*s - h. Calculate the highest common divisor of u and 120.
24
Suppose -2*m + 2*n - 92 = -14, 2*m + 74 = 3*n. Let r = m - -142. What is the highest common divisor of 66 and r?
33
Let m be ((-36)/(-16))/((-2)/(-104)). Let f(n) = n**2 + 6. Let i be f(0). Let o be i/(-33) - (-290)/22. What is the greatest common factor of m and o?
13
Suppose -618 = -3*h + 513. Let c = -48 + h. Calculate the highest common divisor of 47 and c.
47
Let z = 429 + 339. Calculate the greatest common factor of z and 96.
96
Let q be ((-1)/(-3))/(6/306). Let t(m) = -2*m - 18. Let k be t(-8). Let a(s) = -9*s**3 - s - 6. Let r be a(k). What is the highest common factor of q and r?
17
Suppose -d - 4*d + 15 = g, -4*g = d - 22. Suppose 249 = g*p - 301. What is the highest common factor of p and 22?
22
Suppose -17*v - 11*v = -3220. Calculate the greatest common factor of 46 and v.
23
Let z = -97 - -182. Suppose -17*p + 18*p = z. Suppose -5*n - 3*g + 76 = 0, 0 = -2*n - 0*n - 2*g + 28. What is the highest common factor of p and n?
17
Suppose -5*p + 15 = -2*v, -v - 5*p + 2*p + 9 = 0. Suppose 4*i - i + 9 = v. Let t be 0 - (i + 3) - -12. What is the highest common divisor of 60 and t?
12
Let x be ((11 - (8 + 1)) + 5)*(1 + 14). Suppose k - 5*y = 16, 60 = 3*k - y - 2*y. What is the greatest common factor of x and k?
21
Let l be (-2 + 91)/((-6)/(-18) - 0). Calculate the greatest common factor of l and 89.
89
Suppose -23*c = -33*c - 390. Let w = -21 - c. Calculate the greatest common divisor of w and 90.
18
Let t = 1842 + -1810. Suppose -5*q + 195 = -285. What is the greatest common divisor of q and t?
32
Let p(k) = 5*k**2 - 90*k - 52. Let d be p(20). Calculate the highest common divisor of 4 and d.
4
Let h be (-8)/6*(-588)/56. Let v = 31 + 11. Calculate the greatest common factor of v and h.
14
Suppose -2*u + 5 = -9. Suppose u*i - 3*i + 2*p = 38, -11 = -i - p. Suppose -2*q = -i - 72. What is the highest common factor of 8 and q?
8
Suppose s = -2*z + 17, 10 = 3*z + 7. Calculate the greatest common divisor of 1095 and s.
15
Suppose -89 + 75 = -p. Calculate the greatest common factor of 21 and p.
7
Suppose -466*y = -481*y + 195. Suppose -3*a = 5*r - 409, r = 4*a - 3*r - 588. What is the greatest common divisor of a and y?
13
Suppose -3*f + 273 = 18*f. What is the greatest common factor of 91 and f?
13
Let p be 18*-1*5/(-3). Let j = p + -12. What is the greatest common factor of j and 30?
6
Suppose 4*h + 3540 = 3*k, 10*h - 7*h = -2*k + 2343. Calculate the greatest common divisor of 147 and k.
147
Let t(z) = z**3 + 21*z**2 - 50*z - 57. Let l be t(-23). What is the highest common factor of l and 55?
5
Let s = -39 + 41. Suppose -4*n - n + d + 1439 = 0, s*d = -4*n + 1140. What is the highest common divisor of 41 and n?
41
Let c(a) = 4*a**2 - 34*a - 198. Let q be c(-5). Calculate the highest common divisor of 408 and q.
24
Let w be (8/3)/((-2)/(-3)). Suppose 87 = 5*r + 3*v - v, 27 = r - 2*v. Suppose 29 = 3*j - r. What is the highest common factor of j and w?
4
Let d be (-288)/(-21) + 4/14. Suppose 3*u + 531 = 6*u. Let b = u - 65. What is the greatest common divisor of d and b?
14
Let a(g) = 64*g. Let x be a(-1). Let u = -8 - x. Suppose -35 = -n - 4*n. What is the greatest common factor of u and n?
7
Let s(z) = 5 - 5 - z**3 + 2 + 13*z - 1 - 10*z**2. Let a be s(-11). Let y be (-7)/a + (-4)/(-6). What is the greatest common factor of 11 and y?
1
Let f(j) = -6*j - 160. Let r be f(-40). What is the greatest common divisor of 48 and r?
16
Let v be 15*20/45*(-6)/(-5). Calculate the greatest common factor of 24 and v.
8
Suppose 0*l = -4*l. Let y be l*5/(-10) + 9. What is the highest common factor of 81 and y?
9
Let f(t) = -3*t - 43. Let w be f(-26). Let h(d) = -d**2 + 13*d + 14. Let c be h(13). Calculate the greatest common factor of c and w.
7
Let b(k) = -k**2 + 20*k - 8. Let y be b(4). Calculate the greatest common factor of 7 and y.
7
Let a = -22 + 21. Let m be 8/((0 - a)/(-1)). Let h be 27 + m + (1 - -3). What is the highest common factor of h and 46?
23
Let j be (-3)/((-48)/20) - (-4150)/8. What is the greatest common divisor of j and 60?
20
Let b be ((-330)/(-35))/(4 - (-81)/(-21)). What is the greatest common factor of b and 44?
22
Suppose 1125 = 52*n - 851. Calculate the greatest common factor of n and 57.
19
Let p(q) = -q + 14. Let o be p(8). Let s be (o/18)/(1/18). Suppose -u + 70 - s = 0. What is the greatest common factor of u and 8?
8
Suppose 5*u = 2*x + 216 + 2890, -x = 3. Calculate the greatest common factor of 20 and u.
20
Let f(w) = -w**3 - 16*w**2 - 27*w + 26. Let i be f(-14). Suppose -312 = 2*z - 4*z. Calculate the greatest common divisor of z and i.
12
Suppose 0 = 16*g + 20*g - 8316. What is the highest common divisor of g and 14?
7
Suppose 538 + 1321 = 11*m. What is the highest common divisor of m and 26?
13
Suppose a + 6*a = 28. Suppose 2*j = a*k - 358, k + 93 = 2*k + 3*j. Suppose -3*w = -6*w + k. What is the greatest common divisor of 6 and w?
6
Let u = 28 - 18. Calculate the highest common divisor of 115 and u.
5
Suppose 0 = 5*i - 2*i + 72. Let v = 9 - i. Let x = v - 25. Calculate the greatest common factor of 56 and x.
8
Let d(x) = -17*x - 3. Let k be d(-3). Let b be -3*((-7)/5 + (-90)/25 + 4). Calculate the highest common factor of b and k.
3
Suppose 2*b - 6 = 0, 31*b = 5*p + 28*b - 8216. Calculate the highest common factor of p and 35.
35
Let z be (3/(-6))/(4/(-7560)*3). What is the highest common factor of z and 135?
45
Suppose -c - 3*i = 2*c - 18, 0 = -i. Suppose -s - 80 = -a, 2*a + s + 335 = c*a. Suppose -4*m + 59 + a = 0. Calculate the greatest common divisor of 24 and m.
12
Suppose 5*m + 174 - 164 = 0. Suppose -j + 4*d - 3 = -0*j, 2*j + 2*d = 4. Let a be -1*(1 + m) + j. What is the highest common divisor of 10 and a?
2
Let x be 99 + (2 - 1) + -2. Suppose 0 = r + 2*l, -6*r = -r - 3*l - 39. Suppose w - r*w = -70. What is the highest common divisor of w and x?
14
Let q(a) = 95*a + 32. Let h be q(4). Suppose 9*s = -h + 2293. What is the greatest common divisor of 19 and s?
19
Let l be 5/110*-1382 + (-6)/33. Let g = 127 + l. Calculate the greatest common factor of g and 16.
16
Suppose 0 = -3*t - 5*x - 9, 4*t = 2*x - 4 + 18. Calculate the greatest common divisor of 22 and t.
2
Let h be (200/(-30))/((-5)/(45/6)). What is the greatest common divisor of h and 710?
10
Suppose -10*i = 2378 - 2468. Calculate the highest common factor of 18 and i.
9
Let v = 2 - 6. Let r(a) = a**3 + 8*a**2 + 6*a + 6. Let q be r(v). Calculate the greatest common factor of 69 and q.
23
Suppose 7*c = -18 + 67. What is the greatest common divisor of c and 14?
7
Let d be 270/(-243)*-9*1. Calculate the greatest common factor of 1125 and d.
5
Suppose 0*d + 3*d - 21 = 0. Suppose d*r - 27 = -6. Calculate the greatest common divisor of r and 27.
3
Suppose -5*j + 10 = -5*u, 0*j = 2*j + u - 16. Let h = j - 5. Let f = 11 - h. What is the highest common factor of 30 and f?
10
Let z = -27 - -27. Suppose -s + 3*s - 28 = z. Calculate the greatest common factor of s and 154.
14
Let l(r) = -158*r + 504. Let f be l(-6). Calculate the highest common divisor of 12 and f.
12
Suppose 0 = 2*p - 2*w - 101 - 13, -4*w = 2*p - 108. What is the highest common divisor of 504 and p?
56
Suppose -11*p + 5*p = -216. Let h be 117/6 + 6/(-4). What is the greatest common divisor of p and h?
18
Let l be 5/(-20) + 2/8*25. Calculate the highest common divisor of 294 and l.
6
Let w = -25 + 51. Let h be -3 + (-1 - -4) - 2. Let g be h -